{"id":78,"date":"2015-10-28T15:51:37","date_gmt":"2015-10-28T14:51:37","guid":{"rendered":"http:\/\/quincaillerie-montpellier-34.com\/?page_id=78"},"modified":"2019-08-29T08:48:57","modified_gmt":"2019-08-29T07:48:57","slug":"mentions-legales","status":"publish","type":"page","link":"https:\/\/quincaillerie-montpellier-34.com\/index.php\/mentions-legales\/","title":{"rendered":"Mentions L\u00e9gales"},"content":{"rendered":"<p>Informations l\u00e9gales :<\/p>\n<p>Editeur du contenu :<\/p>\n<p>Sarl \u00a0: COTET<br \/>\nDirecteur de la publication : M. COTET<br \/>\nSiret \u00a0: 41891518700029<br \/>\nCapital social : 16 000 \u00a0\u20ac<br \/>\nSi\u00e8ge social : 1737 AV DE TOULOUSE 34070 MONTPELLIER<\/p>\n<p>T\u00e9l : 04 67 42 02 32<br \/>\nEmail : <a href=\"mailto:contact@cotet.fr\">contact[@]cotet.fr<\/a><\/p>\n<p>&nbsp;<\/p>\n<p>Conform\u00e9ment aux dispositions des articles 6-III et 19 de la loi pour la Confiance dans l\u2019\u00c9conomie Num\u00e9rique, nous vous informons que :<\/p>\n<p><strong>POLITIQUE DE CONFIDENTIALITE<\/strong><\/p>\n<p>Devant le d\u00e9veloppement des nouveaux outils de communication, il est n\u00e9cessaire de porter une attention particuli\u00e8re \u00e0 la protection de la vie priv\u00e9e. C\u2019est pourquoi, nous nous engageons \u00e0 respecter la confidentialit\u00e9 des renseignements personnels que nous collectons.<\/p>\n<p><strong>COLLECTE DES RENSEIGNEMENTS \u00a0PERSONNELS\u00a0<\/strong><\/p>\n<p>Nous collectons les renseignements suivants :<\/p>\n<ul>\n<li>Nom<\/li>\n<li>Pr\u00e9nom<\/li>\n<li>Adresse \u00e9lectronique<\/li>\n<li>Num\u00e9ro de t\u00e9l\u00e9phone<\/li>\n<\/ul>\n<p>Les renseignements personnels que nous collectons sont recueillis au travers de formulaires et gr\u00e2ce \u00e0 l\u2019interactivit\u00e9 \u00e9tablie entre vous et notre site Web. Nous utilisons \u00e9galement, comme indiqu\u00e9 dans la section suivante, des fichiers t\u00e9moins et\/ou journaux pour r\u00e9unir des informations vous concernant.<\/p>\n<p><strong>FORMULAIRES ET INTERACTIVITE\u00a0<\/strong><\/p>\n<p>Vos renseignements personnels sont collect\u00e9s par le biais de formulaire, \u00e0 savoir :<\/p>\n<p>Formulaire de contact du site Web<\/p>\n<p>Nous utilisons les renseignements ainsi collect\u00e9s pour les finalit\u00e9s suivantes :<\/p>\n<ul>\n<li>Statistiques<\/li>\n<li>Contact<\/li>\n<\/ul>\n<p><strong>FICHIERS JOURNAUX (LOG FILES) ET FICHIERS TEMOINS (COOKIES)\u00a0<\/strong><\/p>\n<p>Nous recueillons certaines informations par le biais de fichiers journaux (log file) et de fichiers t\u00e9moins (cookies). Il s\u2019agit principalement des informations suivantes :<\/p>\n<ul>\n<li>Adresse IP<\/li>\n<li>Syst\u00e8me d\u2019exploitation<\/li>\n<li>Pages visit\u00e9es et requ\u00eates<\/li>\n<li>Heure et jour de connexion<\/li>\n<\/ul>\n<p>Le recours \u00e0 de tels fichiers nous permet :<\/p>\n<ul>\n<li>Am\u00e9lioration du service et accueil personnalis\u00e9<\/li>\n<li>Profil personnalis\u00e9 de consommation<\/li>\n<li>Statistique<\/li>\n<\/ul>\n<p><strong>DROIT D\u2019OPPOSITION ET DE RETRAIT<\/strong><\/p>\n<p>Nous nous engageons \u00e0 vous offrir un droit d\u2019opposition et de retrait quant \u00e0 vos renseignements personnels.<\/p>\n<p>Le droit d\u2019opposition s\u2019entend comme \u00e9tant la possibilit\u00e9 offerte aux internautes de refuser que leurs renseignements personnels soient utilis\u00e9es \u00e0 certaines fins mentionn\u00e9es lors de la collecte.<\/p>\n<p>Le droit de retrait s\u2019entend comme \u00e9tant la possibilit\u00e9 offerte aux internautes de demander \u00e0 ce que leurs renseignements personnels ne figurent plus, par exemple, dans une liste de diffusion.<\/p>\n<p>Pour pouvoir exercer ces droits, vous pouvez \u00e9crire \u00e0 :<\/p>\n<p>Adresse postale :<\/p>\n<p>Entreprise COTET | 1732 Avenue de Toulouse | 34070 Montpellier<\/p>\n<p><strong>DROIT D\u2019ACCES<\/strong><\/p>\n<p>Nous nous engageons \u00e0 reconna\u00eetre un droit d\u2019acc\u00e8s et de rectification aux personnes concern\u00e9es d\u00e9sireuses de consulter, modifier, voire radier les informations les concernant.<\/p>\n<p>L\u2019exercice de ce droit se fera en \u00e9crivant \u00e0:<\/p>\n<p>Adresse postale :<\/p>\n<p>Entreprise COTET | 1732 Avenue de Toulouse | 34070 Montpellier<\/p>\n<p><strong>SECURITE<\/strong><\/p>\n<p>Les renseignements personnels que nous collectons sont conserv\u00e9s dans un environnement s\u00e9curis\u00e9. Les personnes travaillant pour nous sont tenues de respecter la confidentialit\u00e9 de vos informations.<\/p>\n<p>&nbsp;<\/p>\n<p>Pour assurer la s\u00e9curit\u00e9 de vos renseignements personnels, nous avons recours aux mesures suivantes :<\/p>\n<p>&nbsp;<\/p>\n<ul>\n<li>Protocole SSL (Secure Sockets Layer)<\/li>\n<li>Gestion des acc\u00e8s \u2013 personne autoris\u00e9e<\/li>\n<li>Logiciel de surveillance du r\u00e9seau<\/li>\n<li>Sauvegarde informatique<\/li>\n<li>D\u00e9veloppement de certificat num\u00e9rique<\/li>\n<li>Identifiant \/ mot de passe<\/li>\n<li>Pare-feu (Firewalls)<\/li>\n<\/ul>\n<p>Nous nous engageons \u00e0 maintenir un haut degr\u00e9 de confidentialit\u00e9 en int\u00e9grant les derni\u00e8res innovations technologiques permettant d\u2019assurer la confidentialit\u00e9 de vos transactions. Toutefois, comme aucun m\u00e9canisme n\u2019offre une s\u00e9curit\u00e9 maximale, une part de risque est toujours pr\u00e9sente lorsque l\u2019on utilise Internet pour transmettre des renseignements personnels.<\/p>\n<p>&nbsp;<\/p>\n<p><strong>CONTENU EMBARQUE DEPUIS D\u2019AUTRES SITES<\/strong><\/p>\n<p>&nbsp;<\/p>\n<p>Les articles de ce site peuvent inclure des contenus int\u00e9gr\u00e9s (par exemple des vid\u00e9os, images, articles\u2026). Le contenu int\u00e9gr\u00e9 depuis d\u2019autres sites se comporte de la m\u00eame mani\u00e8re que si le visiteur se rendait sur cet autre site.<\/p>\n<p>Ces sites web pourraient collecter des donn\u00e9es sur vous, utiliser des cookies, embarquer des outils de suivis tiers, suivre vos interactions avec ces contenus embarqu\u00e9s si vous disposez d\u2019un compte connect\u00e9 sur leur site web.<\/p>\n<p>&nbsp;<\/p>\n<p>&nbsp;<\/p>\n<p><strong>Limitation de responsabilit\u00e9<\/strong> :<\/p>\n<p>L\u2019utilisateur reconna\u00eet avoir pris connaissance des pr\u00e9sentes conditions d\u2019utilisation et s\u2019engage \u00e0 les respecter.<\/p>\n<p>L\u2019utilisateur du site internet reconna\u00eet disposer de la comp\u00e9tence et des moyens n\u00e9cessaires pour acc\u00e9der et utiliser ce site.<\/p>\n<p>L\u2019utilisateur du site internet reconna\u00eet avoir v\u00e9rifi\u00e9 que la configuration informatique utilis\u00e9e ne contient aucun virus et qu\u2019elle est en parfait \u00e9tat de fonctionnement.<\/p>\n<p>L\u2019agence de communication\u00a0 met tout en \u0153uvre pour offrir aux utilisateurs des informations et\/ou des outils disponibles et v\u00e9rifi\u00e9s mais ne saurait \u00eatre tenue pour responsable des erreurs, d\u2019une absence de disponibilit\u00e9 des fonctionnalit\u00e9s et\/ou de la pr\u00e9sence de virus sur son site.<\/p>\n<p>Les informations fournies\u00a0 sont \u00e0 titre indicatif et ne sauraient dispenser l\u2019utilisateur d\u2019une analyse compl\u00e9mentaire et personnalis\u00e9e.<\/p>\n<p>L\u2019agence de communication ne saurait garantir l\u2019exactitude, la compl\u00e9tude, l\u2019actualit\u00e9 des informations diffus\u00e9es sur son site.<\/p>\n<p>En cons\u00e9quence, l\u2019utilisateur reconna\u00eet utiliser ces informations sous sa responsabilit\u00e9 exclusive.<\/p>\n<p>Cookies :<\/p>\n<p>DESCRIPTION DE L\u2019UTILISATION DES COOKIES SUR LE SITE :<\/p>\n<p>Lors de la consultation de notre site, des fichiers cookies sont d\u00e9pos\u00e9s sur votre ordinateur, votre mobile ou votre tablette.<\/p>\n<ol>\n<li>A) A quoi servent les cookies ?<\/li>\n<\/ol>\n<p>Un cookie est un fichier enregistr\u00e9 par votre logiciel navigateur sur le disque dur de votre terminal (PC, tablette, smartphone) lors de la consultation d\u2019un site Web. Un fichier cookie permet au serveur d\u2019identifier le terminal (PC, tablette, Smartphone) dans lequel il est enregistr\u00e9, pendant la dur\u00e9e de validit\u00e9 ou d\u2019enregistrement dudit cookie.<\/p>\n<ol>\n<li>B) Quels cookies sont utilis\u00e9s sur le site ?<\/li>\n<\/ol>\n<p>Trois types de fichiers cookies sont utilis\u00e9s sur le site :<br \/>\nDes cookies n\u00e9cessaires au bon fonctionnement du site et principalement :<br \/>\nCookies de session strictement n\u00e9cessaires \u00e0 l\u2019identification technique de la connexion. Ces cookies ne sont conserv\u00e9s que pendant la dur\u00e9e de votre connexion au site.<br \/>\nCookies de gestion de panier d\u2019achat.<br \/>\nDes cookies \u00ab analytiques \u00bb destin\u00e9s \u00e0 analyser le trafic sur le site (exemple : pages les plus consult\u00e9es, requ\u00eates des moteurs de recherche \u2026).<br \/>\nDes cookies g\u00e9r\u00e9s par des tiers qui sont soumises aux politiques de gestion de ces tiers. Nous vous informons de l\u2019objet des cookies dont nous avons connaissance et des moyens dont vous disposez pour effectuer des choix \u00e0 l\u2019\u00e9gard de ces cookies.<\/p>\n<ol>\n<li>C) Comment refuser \/ supprimer des cookies :<\/li>\n<\/ol>\n<p>En tant qu\u2019utilisateur, vous pouvez d\u00e9cider \u00e0 tout moment d\u2019accepter ou non d\u2019enregistrer les fichiers cookies sur votre terminal (PC, tablette, Smartphone).<br \/>\nSi vous avez accept\u00e9 dans votre logiciel navigateur (ex : Microsoft Explorer, Google Chrome, Firefox, Safari \u2026) l\u2019enregistrement de cookies sur votre terminal, les cookies d\u00e9pos\u00e9s par les pages et contenus que vous avez consult\u00e9s seront stock\u00e9s temporairement dans un espace d\u00e9di\u00e9 de votre terminal.<br \/>\nSi vous refusez l\u2019enregistrement de cookies sur votre terminal, ou si vous supprimez ceux qui y sont enregistr\u00e9s, vous ne pourrez plus b\u00e9n\u00e9ficier de certaines fonctionnalit\u00e9s de notre site.<br \/>\nPrincipales proc\u00e9dures permettant d\u2019accepter \/ refuser ou supprimer les cookies d\u00e9pos\u00e9s par notre site :<br \/>\nRemarque pr\u00e9alable : La plupart des navigateurs acceptent les fichiers cookies par d\u00e9faut. Cependant, vous pouvez d\u00e9cider de bloquer ces fichiers cookies ou demander \u00e0 votre navigateur de vous avertir lorsqu\u2019un site tente d\u2019impl\u00e9menter un cookie sur votre terminal.<br \/>\nPour modifier la gestion des cookies de votre navigateur, vous devez modifier les r\u00e9glages dans l\u2019onglet confidentialit\u00e9.<br \/>\nPour la gestion des cookies et de vos choix, la configuration de chaque navigateur est diff\u00e9rente. Elle est d\u00e9crite dans le menu d\u2019aide de votre navigateur, qui vous permettra de savoir de quelle mani\u00e8re modifier vos souhaits en mati\u00e8re de cookies :<br \/>\nPour Internet Explorer (pour la derni\u00e8re version \u00e0 septembre 2014)<br \/>\nhttp:\/\/windows.microsoft.com\/fr-fr\/internet-explorer\/delete-manage-cookies<br \/>\nPour Firefox (pour la derni\u00e8re version \u00e0 septembre 2014)<br \/>\nhttps:\/\/support.mozilla.org\/fr\/kb\/activer-desactiver-cookies?redirectlocale=fr&#038;redirectslug=Activer+et+d%C3%A9sactiver+les+cookies<br \/>\nPour Safari (pour la derni\u00e8re version \u00e0 septembre 2014)<br \/>\nhttp:\/\/support.apple.com\/kb\/PH17191?viewlocale=fr_FR<br \/>\nPour Google Chrome (pour la derni\u00e8re version \u00e0 septembre 2014)<br \/>\nhttps:\/\/support.google.com\/accounts\/answer\/61416?hl=fr<br \/>\nPour Opera (pour la derni\u00e8re version \u00e0 septembre 2014)<br \/>\nhttp:\/\/help.opera.com\/Windows\/12.10\/fr\/cookies.html<br \/>\nPour en savoir plus sur les fichiers Cookies, vous pouvez consulter le site de la CNIL \u00e0 l\u2019adresse : http:\/\/www.cnil.fr\/vos-droits\/vos-traces\/les-cookies\/<br \/>\nL\u2019utilisateur est inform\u00e9 que lors de ses visites sur le site, un cookie peut s\u2019installer automatiquement sur son logiciel de navigation.<\/p>\n<p>Le cookie est un bloc de donn\u00e9es qui ne permet pas d\u2019identifier les utilisateurs mais sert \u00e0 enregistrer des informations relatives \u00e0 la navigation de celui-ci sur le site.<\/p>\n<p>Le param\u00e9trage du logiciel de navigation permet d\u2019informer de la pr\u00e9sence de cookie et \u00e9ventuellement, de la refuser.<\/p>\n<p>L\u2019utilisateur dispose de l\u2019ensemble des droits susvis\u00e9s s\u2019agissant des donn\u00e9es \u00e0 caract\u00e8re personnel communiqu\u00e9es par le biais des cookies dans les conditions indiqu\u00e9es ci-dessus.<\/p>\n<p>Les utilisateurs du site internet\u00a0 sont tenus de respecter les dispositions de la loi n\u00b078-17 du 6 janvier 1978 modifi\u00e9e, relative \u00e0 l\u2019informatique, aux fichiers et aux libert\u00e9s, dont la violation est passible de sanctions p\u00e9nales.<\/p>\n<p>Ils doivent notamment s\u2019abstenir, s\u2019agissant des informations \u00e0 caract\u00e8re personnel auxquelles ils acc\u00e8dent ou pourraient acc\u00e9der, de toute collecte, de toute utilisation d\u00e9tourn\u00e9e d\u2019une mani\u00e8re g\u00e9n\u00e9rale, de tout acte susceptible de porter atteinte \u00e0 la vie priv\u00e9e ou \u00e0 la r\u00e9putation des personnes.<\/p>\n<ol start=\"4\">\n<li>Propri\u00e9t\u00e9 intellectuelle :<\/li>\n<\/ol>\n<p>La structure g\u00e9n\u00e9rale ainsi que les logiciels, textes, images anim\u00e9es ou non, son savoir-faire et tous les autres \u00e9l\u00e9ments composant le site sont une propri\u00e9t\u00e9 exclusive<\/p>\n<p>Toute repr\u00e9sentation totale ou partielle de ce site ou de son contenu par quelle que personne que ce soit, sans l\u2019autorisation expresse et \u00e9crite est interdite et constituerait une contrefa\u00e7on sanctionn\u00e9e par les articles L. 335-2 et suivants du Code de la propri\u00e9t\u00e9 intellectuelle qui d\u00e9finit la contrefa\u00e7on comme un d\u00e9lit, et pr\u00e9voit jusqu\u2019\u00e0 trois ans d\u2019emprisonnement et 300 000 euros d\u2019amende.<\/p>\n<p>Il en est de m\u00eame des bases de donn\u00e9es figurant, le cas \u00e9ch\u00e9ant sur le site web qui sont prot\u00e9g\u00e9es par les dispositions de la loi du 1er juillet 1998 portant transposition dans le Code de la propri\u00e9t\u00e9 intellectuelle de la directive du 11 mars 1996 relative \u00e0 la protection juridique des bases de donn\u00e9es.<\/p>\n<p>Toute reproduction totale ou partielle de ces marques ou de ces logos effectu\u00e9s \u00e0 partir des \u00e9l\u00e9ments du site sans l\u2019autorisation expresse\u00a0 est donc prohib\u00e9e au sens du Code de la propri\u00e9t\u00e9 intellectuelle.<\/p>\n<p>On ne saurait \u00eatre responsable de l\u2019acc\u00e8s par les utilisateurs via les liens hypertextes mis en place dans le cadre du site internet en direction d\u2019autres ressources pr\u00e9sentes sur le r\u00e9seau.<\/p>\n<p>Tout litige en relation avec l\u2019utilisation du site est soumis au droit fran\u00e7ais. L\u2019utilisateur reconna\u00eet la comp\u00e9tence exclusive des tribunaux comp\u00e9tents de Montpellier.<\/p>\n<p>H\u00e9bergement :<\/p>\n<p>OVH<br \/>\nSAS au capital de 10 000 000 \u20ac<br \/>\nRCS Roubaix \u2013 Tourcoing 424 761 419 00045<br \/>\nCode APE 6202A<br \/>\nN\u00b0 TVA : FR 22 424 761 419<br \/>\nSi\u00e8ge social : 2 rue Kellermann \u2013 59100 Roubaix \u2013 France.<\/p>\n<p>&nbsp;<\/p>\n<p>Informatique et Libert\u00e9<\/p>\n<p>Les informations demand\u00e9es sur ce site nous permettent de donner suite \u00e0 vos requ\u00eates et de mieux vous conna\u00eetre. Conform\u00e9ment \u00e0 la Loi Informatique et Libert\u00e9, vous disposez d\u2019un droit d\u2019acc\u00e8s, de rectification et de suppression des donn\u00e9es vous concernant (art. 34, loi n\u00b078-17 du 6 janvier 1978), que vous pouvez exercer en envoyant un email \u00e0 <a href=\"mailto:contact@cotet.fr\">contact@cotet.fr<\/a><\/p>\n<p>&nbsp;<\/p>\n<p>&nbsp;<\/p>\n<p><strong>CNIL<\/strong><\/p>\n<p><strong>Description de l\u2019utilisation des cookies sur le site:<\/strong><br \/>\nLors de la consultation de notre site, des fichiers cookies sont d\u00e9pos\u00e9s sur votre ordinateur, votre mobile ou votre tablette.<br \/>\n<strong>A) A quoi servent les cookies ?<\/strong><br \/>\nUn cookie est un fichier enregistr\u00e9 par votre logiciel navigateur sur le disque dur de votre terminal (PC, tablette, smartphone) lors de la consultation d\u2019un site Web. Un fichier cookie permet au serveur d\u2019identifier le terminal (PC, tablette, Smartphone) dans lequel il est enregistr\u00e9, pendant la dur\u00e9e de validit\u00e9 ou d\u2019enregistrement dudit cookie.<\/p>\n<p><strong>B) Quels cookies sont utilis\u00e9s sur le site ?<\/strong><br \/>\nTrois types de fichiers cookies sont utilis\u00e9s sur le site :<br \/>\n\u2022 Des cookies n\u00e9cessaires au bon fonctionnement du site et principalement :<br \/>\no Cookies de session strictement n\u00e9cessaires \u00e0 l\u2019identification technique de la connexion. Ces cookies ne sont conserv\u00e9s que pendant la dur\u00e9e de votre connexion au site.<br \/>\no Cookies de gestion de panier d\u2019achat.<br \/>\n\u2022 Des cookies \u00ab analytiques \u00bb destin\u00e9s \u00e0 analyser le trafic sur le site (exemple : pages les plus consult\u00e9es, requ\u00eates des moteurs de recherche \u2026).<br \/>\n\u2022 Des cookies g\u00e9r\u00e9s par des tiers qui sont soumises aux politiques de gestion de ces tiers. Nous vous informons de l\u2019objet des cookies dont nous avons connaissance et des moyens dont vous disposez pour effectuer des choix \u00e0 l\u2019\u00e9gard de ces cookies.<\/p>\n<p><strong>C) Comment refuser \/ supprimer des cookies :<\/strong><br \/>\nEn tant qu\u2019utilisateur, vous pouvez d\u00e9cider \u00e0 tout moment d\u2019accepter ou non d\u2019enregistrer les fichiers cookies sur votre terminal (PC, tablette, Smartphone).<br \/>\nSi vous avez accept\u00e9 dans votre logiciel navigateur (ex : Microsoft Explorer, Google Chrome, Firefox, Safari \u2026) l\u2019enregistrement de cookies sur votre terminal, les cookies d\u00e9pos\u00e9s par les pages et contenus que vous avez consult\u00e9s seront stock\u00e9s temporairement dans un espace d\u00e9di\u00e9 de votre terminal.<br \/>\nSi vous refusez l\u2019enregistrement de cookies sur votre terminal, ou si vous supprimez ceux qui y sont enregistr\u00e9s, vous ne pourrez plus b\u00e9n\u00e9ficier de certaines fonctionnalit\u00e9s de notre site.<br \/>\nPrincipales proc\u00e9dures permettant d\u2019accepter \/ refuser ou supprimer les cookies d\u00e9pos\u00e9s par notre site :<br \/>\nRemarque pr\u00e9alable : La plupart des navigateurs acceptent les fichiers cookies par d\u00e9faut. Cependant, vous pouvez d\u00e9cider de bloquer ces fichiers cookies ou demander \u00e0 votre navigateur de vous avertir lorsqu\u2019un site tente d\u2019impl\u00e9menter un cookie sur votre terminal.<br \/>\nPour modifier la gestion des cookies de votre navigateur, vous devez modifier les r\u00e9glages dans l\u2019onglet confidentialit\u00e9.<br \/>\nPour la gestion des cookies et de vos choix, la configuration de chaque navigateur est diff\u00e9rente. Elle est d\u00e9crite dans le menu d\u2019aide de votre navigateur, qui vous permettra de savoir de quelle mani\u00e8re modifier vos souhaits en mati\u00e8re de cookies :<br \/>\nPour Internet Explorer (pour la derni\u00e8re version \u00e0 septembre 2014)<br \/>\nhttp:\/\/windows.microsoft.com\/fr-fr\/internet-explorer\/delete-manage-cookies<br \/>\nPour Firefox (pour la derni\u00e8re version \u00e0 septembre 2014)<br \/>\nhttps:\/\/support.mozilla.org\/fr\/kb\/activer-desactiver-cookies?redirectlocale=fr&#038;redirectslug=Activer+et+d%C3%A9sactiver+les+cookies<br \/>\nPour Safari (pour la derni\u00e8re version \u00e0 septembre 2014)<br \/>\nhttp:\/\/support.apple.com\/kb\/PH17191?viewlocale=fr_FR<br \/>\nPour Google Chrome (pour la derni\u00e8re version \u00e0 septembre 2014)<br \/>\nhttps:\/\/support.google.com\/accounts\/answer\/61416?hl=fr<br \/>\nPour Opera (pour la derni\u00e8re version \u00e0 septembre 2014)<br \/>\nhttp:\/\/help.opera.com\/Windows\/12.10\/fr\/cookies.html<br \/>\nPour en savoir plus sur les fichiers Cookies, vous pouvez consulter le site de la CNIL \u00e0 l\u2019adresse : http:\/\/www.cnil.fr\/vos-droits\/vos-traces\/les-cookies\/<\/p>\n","protected":false},"excerpt":{"rendered":"<p>Informations l\u00e9gales : Editeur du contenu : Sarl \u00a0: COTET Directeur de la publication : M. COTET Siret \u00a0: 41891518700029 Capital social : 16 000 \u00a0\u20ac Si\u00e8ge social : 1737 AV DE TOULOUSE 34070 MONTPELLIER T\u00e9l : 04 67 42 &hellip; <a href=\"https:\/\/quincaillerie-montpellier-34.com\/index.php\/mentions-legales\/\">Lire la suite\u00ad\u00ad<\/a><\/p>\n","protected":false},"author":1,"featured_media":0,"parent":0,"menu_order":0,"comment_status":"closed","ping_status":"closed","template":"","meta":[],"_links":{"self":[{"href":"https:\/\/quincaillerie-montpellier-34.com\/index.php\/wp-json\/wp\/v2\/pages\/78"}],"collection":[{"href":"https:\/\/quincaillerie-montpellier-34.com\/index.php\/wp-json\/wp\/v2\/pages"}],"about":[{"href":"https:\/\/quincaillerie-montpellier-34.com\/index.php\/wp-json\/wp\/v2\/types\/page"}],"author":[{"embeddable":true,"href":"https:\/\/quincaillerie-montpellier-34.com\/index.php\/wp-json\/wp\/v2\/users\/1"}],"replies":[{"embeddable":true,"href":"https:\/\/quincaillerie-montpellier-34.com\/index.php\/wp-json\/wp\/v2\/comments?post=78"}],"version-history":[{"count":5,"href":"https:\/\/quincaillerie-montpellier-34.com\/index.php\/wp-json\/wp\/v2\/pages\/78\/revisions"}],"predecessor-version":[{"id":98,"href":"https:\/\/quincaillerie-montpellier-34.com\/index.php\/wp-json\/wp\/v2\/pages\/78\/revisions\/98"}],"wp:attachment":[{"href":"https:\/\/quincaillerie-montpellier-34.com\/index.php\/wp-json\/wp\/v2\/media?parent=78"}],"curies":[{"name":"wp","href":"https:\/\/api.w.org\/{rel}","templated":true}]}}